he greatest common factor of 108 and g?
54
Let j = -49 - -49. Suppose 0*r - r + 12 = j. Suppose 3*l - 4*l + 6 = 0. What is the greatest common divisor of l and r?
6
Suppose -19 = f - 14. Let g be 284/12 - f/15. Calculate the greatest common factor of 60 and g.
12
Suppose -156 = -6*r + 3*r. Calculate the greatest common factor of r and 8.
4
Suppose 0 = -4*t + 4*c + 12, -t + 3*c + 0*c - 5 = 0. Suppose 0 = -f + 4, 52 = 2*q - f. What is the highest common factor of t and q?
7
Suppose 0 = -4*c + 8. Suppose 0 = 5*v + c*x - 6, 2 = -x - 0*x. Suppose 3*u - u - 28 = 0. What is the highest common factor of u and v?
2
Let l be (-3120)/(-510) - (-4)/(-34). Suppose q = -5*z - 2, q - 18 = 2*z + 8. Calculate the highest common factor of q and l.
6
Let v = 18 - -9. Let j(h) = h**2 - 3*h - 1. Let c be j(4). Suppose 0*z = c*z - 405. What is the highest common factor of v and z?
27
Suppose -2*t - 3*l = 23, 2 = -l + 3. Let o(m) = m**2 + 13*m + 14. Let v be o(t). What is the greatest common factor of 154 and v?
14
Let z(m) = -2*m - 9. Let k be z(-6). Suppose c + 52 = k*c. What is the greatest common factor of c and 39?
13
Suppose 18*z - 46 = -2*i + 16*z, -2*z + 102 = 4*i. Calculate the highest common divisor of 2030 and i.
14
Let g = 43 + -15. Let r be (24/(-7))/((-4)/g). What is the greatest common divisor of r and 32?
8
Suppose 32*o = 63*o - 124. Suppose -2*j = 71 - 409. Suppose -2*l - l = 5*g - j, 0 = 2*g - 2*l - 58. Calculate the highest common factor of o and g.
4
Let m = 3 + -11. Let f be (-138)/m - 4/16. Let z = -7 + f. What is the greatest common factor of 40 and z?
10
Suppose -3*c - y + 113 = -0*y, 4*c + 3*y - 159 = 0. Calculate the highest common divisor of c and 84.
12
Suppose -6*x + 792 = 114. Calculate the greatest common divisor of 2260 and x.
113
Let t be (-4 + -2)*12/3. Let j = -23 - t. What is the highest common divisor of 8 and j?
1
Suppose -1120 = -3*j - 4*k, -5*j + 1824 = -3*k - k. Calculate the highest common factor of 46 and j.
46
Let o = -88 + 87. Let y be 59/2 + 5/(-10)*o. Let w = 321 + -171. Calculate the highest common factor of y and w.
30
Let h = -41 - -95. Calculate the greatest common divisor of 108 and h.
54
Suppose 12 = -3*j, 3*q - 12 = -4*j + 20. What is the highest common divisor of q and 30?
2
Let y(x) = 10*x**2 + 4*x - 3. Let r be y(2). Suppose -4*t - r = -2*z + 215, -6 = 3*t. What is the highest common divisor of z and 14?
14
Let s(t) = -4*t + 20. Let w be s(-13). Suppose 2*b - 8*b + 108 = 0. What is the highest common divisor of w and b?
18
Suppose 4*v + 824 = 4*w, -824 = -4*w - 0*w - 2*v. Suppose w = 11*a - 487. Calculate the highest common factor of a and 21.
21
Let v = 2 - -6. Let u be 66 - (-2)/(-1 + 0). Suppose -3*a + u = a. What is the highest common factor of a and v?
8
Suppose -66*l + 79*l - 338 = 0. Calculate the greatest common divisor of l and 4.
2
Suppose -3 = -7*k + 102. What is the highest common factor of 95 and k?
5
Let t(l) = -l**3 + 11*l**2 + 6*l - 7. Let z be t(7). Let c(q) = q**3 + 7*q**2 + 7*q + 6. Let k be c(-5). Calculate the greatest common divisor of z and k.
21
Suppose -3*j + 0 = l - 7, -2*l = j + 11. Let z be (6/l)/((-3)/12). What is the highest common divisor of z and 21?
3
Let r(v) = -11*v - 4. Suppose 4*t + 25 = -35. Let q be r(t). Calculate the highest common factor of q and 23.
23
Let o be (-18)/(-3)*2/4. Suppose -2*r = o*r - 45. Suppose -b + 87 - 60 = 0. Calculate the greatest common divisor of r and b.
9
Let n be 0*(2 - (-9)/(-6)). Suppose n = -k + 29 + 47. Suppose 5*t = -j - j + k, 0 = -5*j + 15. What is the greatest common factor of 56 and t?
14
Let v = -219 + 282. What is the greatest common factor of v and 63?
63
Let n be (-2 + 2)/(4 + -6) - -17. What is the highest common factor of 544 and n?
17
Let t be (-30936)/(-312) - 2/13. Suppose v + 3 - 14 = 0. Calculate the highest common factor of t and v.
11
Let f(r) = -57*r - 9. Let c be f(-7). Suppose -c = -0*b - 2*b. Calculate the greatest common divisor of b and 78.
39
Let q(c) = c**2 + 3*c + 1. Let u be q(-4). Suppose -21*b = 3*r - 26*b - 18, 16 = 4*r - 4*b. What is the greatest common factor of r and u?
1
Let b(a) be the second derivative of -a**5/20 + 11*a**4/12 - 5*a**3/3 + 6*a**2 + a + 2. Let j be b(10). Calculate the greatest common divisor of 144 and j.
12
Suppose 3*l + 2*l = n - 28, 0 = -4*n - 8. Let q(p) = -p**3 - 3*p**2 + 5*p - 10. Let k be q(l). Let b = 37 - 20. Calculate the greatest common factor of b and k.
17
Let u = 137 - 101. Suppose -32*h = -u*h + 76. What is the greatest common divisor of 133 and h?
19
Let x = 6214 - 1510. Calculate the greatest common divisor of 84 and x.
84
Let c(r) = -2*r**2 + 4*r - 2. Let w be c(3). Let l = w - -14. Let b(n) = 7*n**2 + 4*n + 3. Let j be b(-3). Calculate the greatest common divisor of l and j.
6
Let o = -530 - -908. Suppose -5*i + 148 = -62. What is the greatest common divisor of o and i?
42
Let z = 174 - 59. What is the highest common factor of 45 and z?
5
Suppose 2*o - 430 = 3*o + m, 4*m = -5*o - 2151. Let a = o + 291. Let j be 1/(416/a - -3). Calculate the greatest common factor of j and 140.
35
Suppose -4*k = -3*o - 12 - 0, 3*k + 4*o - 34 = 0. Suppose 2*s + k - 16 = 0. Calculate the greatest common factor of s and 155.
5
Suppose 0 = -12*z - 357 + 3321. What is the highest common factor of z and 39?
13
Suppose 0 = -3*z + 36 + 138. Suppose 0 = -4*f + l + z, f = -2*f + 2*l + 46. Suppose 65 = 3*r + f. What is the highest common factor of r and 153?
17
Let s(w) = 0*w - 3*w - 32 + 32. Let x be s(-2). Suppose 0 = -4*n + l + 33, -l - x = -n - 0*l. What is the greatest common factor of 18 and n?
9
Suppose -4*h + 3*u + 25 = 6*u, -h + 2*u = 2. Calculate the highest common divisor of h and 44.
4
Let u = 161 + -71. Calculate the highest common divisor of 50 and u.
10
Suppose 13 = -4*a + 241. Suppose 5*w - 111 = 4*t, -3*t - 2*w - 3*w - a = 0. Let v be (5/1)/((-12)/t). Calculate the highest common divisor of v and 90.
10
Let x = -1 + 6. Let s be (-3)/(9/2) - 24/(-9). Suppose 0*d + s*q = 2*d - 22, -3*d = -x*q - 43. What is the highest common factor of 12 and d?
6
Suppose -4*f + 9*f = 450. Let l = 205 + -195. What is the highest common divisor of f and l?
10
Let t = -20 - -210. What is the greatest common divisor of 76 and t?
38
Let z = 4975 - 4933. Suppose 2*p - 21 = 7. Calculate the greatest common divisor of p and z.
14
Let u be (-12)/(-8)*8/3. Suppose 0 = -v - 0*v. Suppose 3*p - 1 - 35 = v. Calculate the highest common factor of p and u.
4
Let l be 2/(-4) + 3208/16. Calculate the greatest common divisor of l and 20.
20
Suppose f = -f - 36. Let g = 31 + f. What is the greatest common factor of g and 208?
13
Suppose -3*v = 48 - 276. Let d be v/(-57)*(-49 - 2). What is the highest common factor of d and 51?
17
Suppose 149 = -0*n + 4*n + h, 3*h = 3*n - 123. What is the highest common divisor of 2 and n?
2
Let s be (-118)/3*(-150)/100. What is the highest common factor of s and 472?
59
Let d(h) be the second derivative of -h**5/20 - h**4/4 + 5*h**2/2 - 3*h. Let a be d(-3). Calculate the greatest common divisor of a and 45.
5
Suppose 0 = 3*b + b + k - 289, b - 74 = -2*k. Let v = -197 + 206. What is the greatest common divisor of b and v?
9
Let y(h) = -h**3 - 6*h**2 + 6*h - 5. Let g be y(-9). What is the greatest common divisor of 23 and g?
23
Let t be ((-325)/26)/((-3)/18). What is the highest common divisor of 500 and t?
25
Let h(w) = w**2 - 181. Let b be h(15). Calculate the highest common factor of 72 and b.
4
Let s be -3 - 0 - (-14 - 10). Let u be 3/(-9) - s/(-9). What is the highest common factor of u and 8?
2
Let q be 62/217 - (-9)/(63/880). Calculate the highest common divisor of q and 81.
9
Let h(x) = -2*x + 3*x - 4*x - 10 + 2. Let d be h(-4). Suppose -2*y - 3*o - 35 = -341, -3*y + d*o = -442. Calculate the greatest common factor of 60 and y.
30
Suppose -4*s = -3*i - i + 80, 5*i + 3*s - 60 = 0. Suppose -9*r + 18 + 0 = 0. Suppose r*t - 204 = 6. Calculate the greatest common divisor of t and i.
15
Let m be (17 - -313)/(6/8). Calculate the greatest common factor of m and 55.
55
Let y be 4/6 - (-5)/15. Let q be y - (-122 - 2) - -1. Suppose -5*g - a = -q + 44, 0 = -5*g - 5*a + 90. Calculate the greatest common factor of g and 2.
2
Let q(z) = -z**3 + 7*z**2 - z - 34. Let d be q(5). Suppose 3*b -